{"id":71,"date":"2023-07-15T16:02:26","date_gmt":"2023-07-15T14:02:26","guid":{"rendered":"http:\/\/www.nds.armentierois.fr\/?page_id=71"},"modified":"2023-08-10T07:45:08","modified_gmt":"2023-08-10T05:45:08","slug":"notre-dame-de-lourdes","status":"publish","type":"page","link":"https:\/\/louis.armentierois.fr\/index.php\/notre-dame-de-lourdes\/","title":{"rendered":"Notre Dame de Lourdes"},"content":{"rendered":"\n<p>La Vierge Marie tient une place particuli\u00e8re dans la grande famille des saints et des saintes de Dieu. Elle a dit \u00ab\u00a0OUI\u00a0\u00bb \u00e0 Dieu pour qu&rsquo;Il puisse s&rsquo;approcher de nous, se faire l&rsquo;un de nous en J\u00e9sus Christ. Marie est la m\u00e8re de J\u00e9sus et aussi notre m\u00e8re. J\u00e9sus sur la croix nous a donn\u00e9 sa m\u00e8re. Et \u00e0 une maman, on peut tout confier. Elle remettra, telle une maman attentive et toute donn\u00e9e pour ses enfants, notre balbutiante pri\u00e8re \u00e0 J\u00e9sus. <\/p>\n\n\n\n<p>La Vierge Marie vivante dans la communion des saints est apparue de nombreuses fois \u00e0 diff\u00e9rentes \u00e9poques. A Lourdes, elle est apparue 18 fois  \u00e0 la jeune Bernadette Soubirous du 11 f\u00e9vrier au 18 juillet 1858. Elle a confirm\u00e9 une chose que Bernadette ignorait qu&rsquo;elle \u00e9tait l&rsquo;immacul\u00e9e conception. \u00ab\u00a0Je suis l&rsquo;immacul\u00e9e conception\u00a0\u00bb.<\/p>\n\n\n\n<figure class=\"wp-block-image size-large\"><img loading=\"lazy\" decoding=\"async\" width=\"640\" height=\"853\" src=\"https:\/\/i0.wp.com\/louis.armentierois.fr\/wp-content\/uploads\/2023\/08\/img_2208.jpg?resize=640%2C853&#038;ssl=1\" alt=\"\" class=\"wp-image-914\" srcset=\"https:\/\/i0.wp.com\/louis.armentierois.fr\/wp-content\/uploads\/2023\/08\/img_2208-scaled.jpg?resize=768%2C1024&amp;ssl=1 768w, https:\/\/i0.wp.com\/louis.armentierois.fr\/wp-content\/uploads\/2023\/08\/img_2208-scaled.jpg?resize=225%2C300&amp;ssl=1 225w, https:\/\/i0.wp.com\/louis.armentierois.fr\/wp-content\/uploads\/2023\/08\/img_2208-scaled.jpg?resize=1152%2C1536&amp;ssl=1 1152w, https:\/\/i0.wp.com\/louis.armentierois.fr\/wp-content\/uploads\/2023\/08\/img_2208-scaled.jpg?resize=1536%2C2048&amp;ssl=1 1536w, https:\/\/i0.wp.com\/louis.armentierois.fr\/wp-content\/uploads\/2023\/08\/img_2208-scaled.jpg?w=1920&amp;ssl=1 1920w, https:\/\/i0.wp.com\/louis.armentierois.fr\/wp-content\/uploads\/2023\/08\/img_2208-scaled.jpg?w=1280&amp;ssl=1 1280w\" sizes=\"auto, (max-width: 640px) 100vw, 640px\" data-recalc-dims=\"1\" \/><figcaption class=\"wp-element-caption\">Notre Dame de Lourdes <\/figcaption><\/figure>\n\n\n\n<h2 class=\"wp-block-heading\">Jeudi 11 f\u00e9vrier 1858 :&nbsp;la premi\u00e8re rencontre<\/h2>\n\n\n\n<p>Premi\u00e8re apparition.&nbsp;Accompagn\u00e9e de sa s\u0153ur et d\u2019une amie, Bernadette se rend \u00e0 Massabielle, le long du Gave, pour ramasser des os et du bois mort. Enlevant ses bas pour traverser le ruisseau et aller dans la Grotte, elle entend un bruit qui ressemblait \u00e0 un coup de vent, elle l\u00e8ve la t\u00eate vers la Grotte : \u00ab&nbsp;J\u2019aper\u00e7us une dame v\u00eatue de blanc : elle portait une robe blanche, un voile blanc \u00e9galement, une ceinture bleue et une rose jaune sur chaque pied.&nbsp;\u00bb Bernadette fait le signe de la croix et r\u00e9cite le chapelet avec la Dame. La pri\u00e8re termin\u00e9e, la Dame dispara\u00eet brusquement.<\/p>\n\n\n\n<h2 class=\"wp-block-heading\">Dimanche 14 f\u00e9vrier 1858 :&nbsp;l\u2019eau b\u00e9nite<\/h2>\n\n\n\n<p>Deuxi\u00e8me apparition.&nbsp;Bernadette ressent une force int\u00e9rieure qui la pousse \u00e0 retourner \u00e0 la Grotte malgr\u00e9 l\u2019interdiction de ses parents. Sur son insistance, sa m\u00e8re l\u2019y autorise ; apr\u00e8s la premi\u00e8re dizaine de chapelet, elle voit appara\u00eetre la m\u00eame Dame. Elle lui jette de l\u2019eau b\u00e9nite. La Dame sourit et incline la t\u00eate. La pri\u00e8re du chapelet termin\u00e9e, elle dispara\u00eet.<\/p>\n\n\n\n<h2 class=\"wp-block-heading\">Jeudi 18 f\u00e9vrier 1858 :&nbsp;la Dame parle<\/h2>\n\n\n\n<p>Troisi\u00e8me apparition.&nbsp;Pour la premi\u00e8re fois, la Dame parle. Bernadette lui pr\u00e9sente une \u00e9critoire et lui demande d\u2019\u00e9crire son nom. Elle lui dit : \u00ab&nbsp;Ce n\u2019est pas n\u00e9cessaire.&nbsp;\u00bb Elle ajoute : \u00ab&nbsp;Je ne vous promets pas de vous rendre heureuse en ce monde mais dans l\u2019autre. Voulez-vous me faire la gr\u00e2ce de venir ici pendant quinze jours ?&nbsp;\u00bb<\/p>\n\n\n\n<h2 class=\"wp-block-heading\">Vendredi 19 f\u00e9vrier 1858 :&nbsp;le premier cierge<\/h2>\n\n\n\n<p>Quatri\u00e8me apparition.&nbsp;Bernadette vient \u00e0 la Grotte avec un cierge b\u00e9nit et allum\u00e9. C\u2019est de ce geste qu\u2019est n\u00e9e la coutume de porter des cierges et de les allumer devant la Grotte.<\/p>\n\n\n\n<h2 class=\"wp-block-heading\">Samedi 20 f\u00e9vrier 1858 :&nbsp;la grande tristesse<\/h2>\n\n\n\n<p>Cinqui\u00e8me apparition.&nbsp;La Dame a appris une pri\u00e8re personnelle \u00e0 Bernadette. A la fin de la vision, une grande tristesse envahit Bernadette.<\/p>\n\n\n\n<h2 class=\"wp-block-heading\">Dimanche 21 f\u00e9vrier 1858 :&nbsp;\u00ab&nbsp;Aquero&nbsp;\u00bb<\/h2>\n\n\n\n<p>Sixi\u00e8me apparition.&nbsp;La Dame se pr\u00e9sente \u00e0 Bernadette le matin de bonne heure. Une centaine de personnes l\u2019accompagnent. Elle est ensuite interrog\u00e9e par le commissaire de police Jacomet. Il veut lui faire dire ce qu\u2019elle a vu. Bernadette ne lui parle que d\u2019 \u00ab&nbsp;Aquero&nbsp;\u00bb (cela).<\/p>\n\n\n\n<h2 class=\"wp-block-heading\">Mardi 23 f\u00e9vrier 1858 :&nbsp;le secret<\/h2>\n\n\n\n<p>Septi\u00e8me apparition.&nbsp;Entour\u00e9e de cent cinquante personnes, Bernadette se rend \u00e0 la Grotte. L\u2019Apparition lui r\u00e9v\u00e8le un secret \u00ab&nbsp;rien que pour elle.&nbsp;\u00bb<\/p>\n\n\n\n<h2 class=\"wp-block-heading\">Mercredi 24 f\u00e9vrier 1858 :&nbsp;\u00abP\u00e9nitence !\u00bb<\/h2>\n\n\n\n<p>Huiti\u00e8me apparition.&nbsp;Message de la Dame : \u00ab&nbsp;P\u00e9nitence ! P\u00e9nitence ! P\u00e9nitence ! Priez Dieu pour les p\u00e9cheurs ! Allez baiser la terre en p\u00e9nitence pour les p\u00e9cheurs ! &nbsp;\u00bb<\/p>\n\n\n\n<h2 class=\"wp-block-heading\">Jeudi 25 f\u00e9vrier 1858 :&nbsp;la source<\/h2>\n\n\n\n<p>Neuvi\u00e8me apparition.&nbsp;Trois cents personnes sont pr\u00e9sentes. Bernadette raconte : \u00ab&nbsp;Elle me dit d\u2019aller boire \u00e0 la source (\u2026). Je ne trouvai qu\u2019un peu d\u2019eau vaseuse. Au quatri\u00e8me essai je pus boire. Elle me fit \u00e9galement manger une herbe qui se trouvait pr\u00e8s de la fontaine puis la vision disparut et je m\u2019en allai.&nbsp;\u00bb Devant la foule qui lui demande: \u00ab&nbsp;Sais-tu qu\u2019on te croit folle de faire des choses pareilles ?&nbsp;\u00bb Elle r\u00e9pond : \u00ab&nbsp;C\u2019est pour les p\u00e9cheurs.&nbsp;\u00bb<\/p>\n\n\n\n<h2 class=\"wp-block-heading\">Samedi 27 f\u00e9vrier 1858 :&nbsp;silence<\/h2>\n\n\n\n<p>Dixi\u00e8me apparition.&nbsp;Huit cents personnes sont pr\u00e9sentes. L\u2019Apparition est silencieuse. Bernadette boit l\u2019eau de la source et accomplit les gestes habituels de p\u00e9nitence.<\/p>\n\n\n\n<h2 class=\"wp-block-heading\">Dimanche 28 f\u00e9vrier 1858 :&nbsp;l\u2019extase<\/h2>\n\n\n\n<p>Onzi\u00e8me apparition. Plus de mille personnes assistent \u00e0 l\u2019extase. Bernadette prie, baise la terre et rampe sur les genoux en signe de p\u00e9nitence. Elle est ensuite emmen\u00e9e chez le juge Ribes qui la menace de prison.<\/p>\n\n\n\n<h2 class=\"wp-block-heading\">Lundi 1er mars 1858 :&nbsp;la premi\u00e8re gu\u00e9rison miraculeuse<\/h2>\n\n\n\n<p>Douzi\u00e8me apparition.&nbsp;Plus de mille cinq cents personnes sont rassembl\u00e9es et parmi elles, pour la premi\u00e8re fois, un pr\u00eatre. Dans la nuit, Catherine Latapie, une amie lourdaise, se rend \u00e0 la Grotte, elle trempe son bras d\u00e9bo\u00eet\u00e9 dans l\u2019eau de la source : son bras et sa main retrouvent leur souplesse.<\/p>\n\n\n\n<h2 class=\"wp-block-heading\">Mardi 2 mars 1858 :&nbsp;le message aux pr\u00eatres<\/h2>\n\n\n\n<p>Treizi\u00e8me apparition.&nbsp;La foule grossit de plus en plus. La Dame lui demande : \u00ab&nbsp;Allez dire aux pr\u00eatres qu\u2019on vienne ici en procession et qu\u2019on y b\u00e2tisse une chapelle&nbsp;\u00bb. Bernadette en parle \u00e0 l\u2019abb\u00e9 Peyramale, cur\u00e9 de Lourdes. Celui-ci ne veut savoir qu\u2019une chose : le nom de la Dame. Il exige en plus une preuve : voir fleurir en plein hiver le rosier (l\u2019\u00e9glantier) de la Grotte.<\/p>\n\n\n\n<h2 class=\"wp-block-heading\">Mercredi 3 mars 1858 :&nbsp;le sourire de la Dame<\/h2>\n\n\n\n<p>Quatorzi\u00e8me apparition.&nbsp;D\u00e8s 7 h le matin, en pr\u00e9sence de trois mille personnes, Bernadette se rend \u00e0 la Grotte, mais la vision n\u2019appara\u00eet pas ! Apr\u00e8s l\u2019\u00e9cole, elle entend l\u2019invitation int\u00e9rieure de la Dame. Elle se rend \u00e0 la Grotte et lui redemande son nom. La r\u00e9ponse est un sourire. Le cur\u00e9 Peyramale lui redit : \u00ab&nbsp;Si la Dame d\u00e9sire vraiment une chapelle, qu\u2019elle dise son nom et qu\u2019elle fasse fleurir le rosier de la Grotte&nbsp;\u00bb.<\/p>\n\n\n\n<h2 class=\"wp-block-heading\">Jeudi 4 mars 1858 :&nbsp;8 000 personnes \u00e0 la Grotte<\/h2>\n\n\n\n<p>Quinzi\u00e8me apparition.&nbsp;La foule toujours plus nombreuse (environ huit mille personnes) attend un miracle \u00e0 la fin de cette quinzaine. La vision est silencieuse. Le cur\u00e9 Peyramale campe sur sa position. Pendant vingt jours, Bernadette ne va plus se rendre \u00e0 la Grotte : elle n\u2019en ressent plus l\u2019irr\u00e9sistible attrait.<\/p>\n\n\n\n<h2 class=\"wp-block-heading\">Jeudi 25 mars 1858 :&nbsp;la Dame r\u00e9v\u00e8le son nom<\/h2>\n\n\n\n<p>Seizi\u00e8me apparition.&nbsp;La vision r\u00e9v\u00e8le enfin son nom, mais le rosier (ou \u00e9glantier) sur lequel elle pose les pieds au cours de ses Apparitions ne fleurit pas. Bernadette raconte : \u00ab&nbsp;Elle leva les yeux au ciel, joignant en signe de pri\u00e8re ses mains qui \u00e9taient tendues et ouvertes vers la terre, et me dit: Que soy era immaculada councepciou&nbsp;\u00bb. Bernadette part en courant et r\u00e9p\u00e8te sans cesse, sur le chemin, des mots qu\u2019elle ne comprend pas. Ces mots troublent le brave cur\u00e9. Bernadette ignorait cette expression th\u00e9ologique qui d\u00e9signe la Sainte Vierge. Quatre ans plus t\u00f4t, en 1854, le pape Pie IX en avait fait une v\u00e9rit\u00e9 de la foi catholique (dogme de l\u2019Immacul\u00e9e Conception).<\/p>\n\n\n\n<h2 class=\"wp-block-heading\">Mercredi 7 avril 1858 :&nbsp;le miracle du cierge<\/h2>\n\n\n\n<p>Dix-septi\u00e8me apparition. Pendant cette apparition, Bernadette tient son cierge allum\u00e9. La flamme entoure longuement sa main sans la br\u00fbler. Ce fait est imm\u00e9diatement constat\u00e9 par le m\u00e9decin, le docteur Douzous.<\/p>\n\n\n\n<h2 class=\"wp-block-heading\">Vendredi 16 juillet 1858 :&nbsp;la derni\u00e8re apparition<\/h2>\n\n\n\n<p>Dix-huiti\u00e8me apparition.&nbsp;Bernadette ressent le myst\u00e9rieux appel de la Grotte, mais l\u2019acc\u00e8s \u00e0 Massabielle est interdit et ferm\u00e9 par une palissade. Elle se rend donc en face, de l\u2019autre c\u00f4t\u00e9 du Gave\u2026 et voit la Vierge Marie, une ultime fois : \u00ab&nbsp;Il me semblait que j\u2019\u00e9tais devant la grotte, \u00e0 la m\u00eame distance que les autres fois, je voyais seulement la Vierge, jamais je ne l\u2019ai vue aussi belle !&nbsp;\u00bb.<\/p>\n\n\n\n<p><strong>Prier avec la Vierge Marie<\/strong><\/p>\n\n\n\n<p>Je vous salue Marie, pleine de gr\u00e2ce ;<br \/>Le Seigneur est avec vous.<br \/>Vous \u00eates b\u00e9nie entre toutes les femmes<br \/>Et J\u00e9sus, le fruit de vos entrailles, est b\u00e9ni.<br \/>Sainte Marie, M\u00e8re de Dieu,<br \/>Priez pour nous pauvres p\u00e9cheurs,<br \/>Maintenant et \u00e0 l\u2019heure de notre mort.<\/p>\n\n\n\n<p>Amen<\/p>\n","protected":false},"excerpt":{"rendered":"<p>La Vierge Marie tient une place particuli\u00e8re dans la grande famille des saints et des saintes de Dieu. Elle a &hellip; <\/p>\n","protected":false},"author":1,"featured_media":914,"parent":0,"menu_order":0,"comment_status":"closed","ping_status":"closed","template":"","meta":{"footnotes":""},"class_list":["post-71","page","type-page","status-publish","has-post-thumbnail","hentry"],"jetpack_sharing_enabled":true,"_links":{"self":[{"href":"https:\/\/louis.armentierois.fr\/index.php\/wp-json\/wp\/v2\/pages\/71","targetHints":{"allow":["GET"]}}],"collection":[{"href":"https:\/\/louis.armentierois.fr\/index.php\/wp-json\/wp\/v2\/pages"}],"about":[{"href":"https:\/\/louis.armentierois.fr\/index.php\/wp-json\/wp\/v2\/types\/page"}],"author":[{"embeddable":true,"href":"https:\/\/louis.armentierois.fr\/index.php\/wp-json\/wp\/v2\/users\/1"}],"replies":[{"embeddable":true,"href":"https:\/\/louis.armentierois.fr\/index.php\/wp-json\/wp\/v2\/comments?post=71"}],"version-history":[{"count":2,"href":"https:\/\/louis.armentierois.fr\/index.php\/wp-json\/wp\/v2\/pages\/71\/revisions"}],"predecessor-version":[{"id":916,"href":"https:\/\/louis.armentierois.fr\/index.php\/wp-json\/wp\/v2\/pages\/71\/revisions\/916"}],"wp:featuredmedia":[{"embeddable":true,"href":"https:\/\/louis.armentierois.fr\/index.php\/wp-json\/wp\/v2\/media\/914"}],"wp:attachment":[{"href":"https:\/\/louis.armentierois.fr\/index.php\/wp-json\/wp\/v2\/media?parent=71"}],"curies":[{"name":"wp","href":"https:\/\/api.w.org\/{rel}","templated":true}]}}