{"id":239,"date":"2023-07-16T19:52:47","date_gmt":"2023-07-16T17:52:47","guid":{"rendered":"https:\/\/www.nds.armentierois.fr\/?page_id=239"},"modified":"2023-09-01T16:18:07","modified_gmt":"2023-09-01T14:18:07","slug":"8eme-station-jesus-rencontre-les-femmes-de-jerusalem-qui-pleurent","status":"publish","type":"page","link":"https:\/\/louis.armentierois.fr\/index.php\/8eme-station-jesus-rencontre-les-femmes-de-jerusalem-qui-pleurent\/","title":{"rendered":"8\u00e8me station, J\u00e9sus rencontre les femmes de J\u00e9rusalem qui pleurent"},"content":{"rendered":"\n<p class=\"has-light-green-cyan-background-color has-background\">De l\u2019Evangile selon Luc (<em>Lc<\/em>&nbsp;23, 27-31).<\/p>\n\n\n\n<p class=\"has-light-green-cyan-background-color has-background\"><em>Le peuple, en grande foule, le suivait, ainsi que des femmes qui se frappaient la poitrine et se lamentaient sur J\u00e9sus. Il se tourna et leur dit&nbsp;: \u00ab&nbsp;Filles de J\u00e9rusalem, ne pleurez pas sur moi. Pleurez plut\u00f4t sur vous-m\u00eames et sur vos enfants&nbsp;! Voici venir des jours o\u00f9 l\u2019on dira&nbsp;: \u201cHeureuses les femmes st\u00e9riles, celles qui n\u2019ont pas enfant\u00e9, celles qui n\u2019ont pas allait\u00e9&nbsp;!\u201d Alors on dira aux montagnes&nbsp;: \u201cTombez sur nous\u201d, et aux collines&nbsp;: \u201cCachez nous\u201d. Car si l\u2019on traite ainsi l\u2019arbre vert, que deviendra l\u2019arbre sec&nbsp;?&nbsp;\u00bb<\/em><\/p>\n\n\n\n<figure class=\"wp-block-image size-large is-style-default\"><img loading=\"lazy\" decoding=\"async\" width=\"640\" height=\"853\" src=\"https:\/\/i0.wp.com\/louis.armentierois.fr\/wp-content\/uploads\/2023\/08\/img_2228.jpg?resize=640%2C853&#038;ssl=1\" alt=\"\" class=\"wp-image-887\" srcset=\"https:\/\/i0.wp.com\/louis.armentierois.fr\/wp-content\/uploads\/2023\/08\/img_2228-scaled.jpg?resize=768%2C1024&amp;ssl=1 768w, https:\/\/i0.wp.com\/louis.armentierois.fr\/wp-content\/uploads\/2023\/08\/img_2228-scaled.jpg?resize=225%2C300&amp;ssl=1 225w, https:\/\/i0.wp.com\/louis.armentierois.fr\/wp-content\/uploads\/2023\/08\/img_2228-scaled.jpg?resize=1152%2C1536&amp;ssl=1 1152w, https:\/\/i0.wp.com\/louis.armentierois.fr\/wp-content\/uploads\/2023\/08\/img_2228-scaled.jpg?resize=1536%2C2048&amp;ssl=1 1536w, https:\/\/i0.wp.com\/louis.armentierois.fr\/wp-content\/uploads\/2023\/08\/img_2228-scaled.jpg?w=1920&amp;ssl=1 1920w, https:\/\/i0.wp.com\/louis.armentierois.fr\/wp-content\/uploads\/2023\/08\/img_2228-scaled.jpg?w=1280&amp;ssl=1 1280w\" sizes=\"auto, (max-width: 640px) 100vw, 640px\" data-recalc-dims=\"1\" \/><figcaption class=\"wp-element-caption\">J\u00e9sus rencontre les femmes de J\u00e9rusalem qui pleurent sur Lui<\/figcaption><\/figure>\n\n\n\n<p>Je te vois et je t\u2019\u00e9coute, J\u00e9sus, alors que tu parles aux femmes que tu rencontres sur ta route vers la mort. Durant toutes tes journ\u00e9es tu es pass\u00e9 en rencontrant beaucoup de personnes, tu es all\u00e9 \u00e0 la rencontre et tu as parl\u00e9 avec tous. Maintenant tu parles avec les femmes de J\u00e9rusalem qui te voient et qui pleurent. Je suis moi aussi l\u2019une de ces femmes. Mais toi, J\u00e9sus, dans ton avertissement, tu utilises des mots qui me touchent, ce sont des paroles concr\u00e8tes et directes. A premi\u00e8re vue elles peuvent sembler dures et s\u00e9v\u00e8res, parce qu\u2019elles sont franches. Aujourd\u2019hui nous sommes en effet habitu\u00e9s \u00e0 un monde de paroles tortueuses. Une froide hypocrisie voile et filtre ce que nous voulons r\u00e9ellement dire&nbsp;; on \u00e9vite de plus en plus les mises en garde, on pr\u00e9f\u00e8re laisser l\u2019autre \u00e0 son destin, ne prenant pas la peine de le solliciter pour son bien.<\/p>\n\n\n\n<p>Alors que toi, J\u00e9sus, tu parles aux femmes comme un p\u00e8re, m\u00eame en les r\u00e9primandant&nbsp;; tes paroles sont des paroles de v\u00e9rit\u00e9, elles sont imm\u00e9diates avec pour seul but la correction, non pas le jugement. C\u2019est un langage diff\u00e9rent du n\u00f4tre, tu parles toujours avec humilit\u00e9 et tu parviens droit au c\u0153ur.<\/p>\n\n\n\n<p>Dans cette rencontre, la derni\u00e8re avant la croix, une fois encore ton amour appara\u00eet sans mesure envers les derniers et les exclus. En effet, les femmes \u00e0 cette \u00e9poque n\u2019\u00e9taient pas consid\u00e9r\u00e9es comme dignes d\u2019\u00eatre sollicit\u00e9es, alors que toi, dans ta gentillesse, tu es vraiment r\u00e9volutionnaire.<\/p>\n\n\n\n<p class=\"has-background\" style=\"background-color:#abb7c242\">Je te prie, Seigneur, fais que moi,<br>avec les femmes et les hommes de ce monde,<br>nous puissions devenir toujours plus charitables<br>vis-\u00e0-vis de ceux qui sont dans le besoin, comme toi tu as fait.<br>Donne-nous la force d\u2019aller \u00e0 contre-courant<br>et d\u2019entrer en contact authentique avec les autres,<br>en jetant des ponts et en \u00e9vitant de nous enfermer dans l\u2019\u00e9go\u00efsme<br>qui nous conduit \u00e0 la solitude du p\u00e9ch\u00e9.<\/p>\n\n\n\n<p class=\"has-background\" style=\"background-color:#abb7c254\">On peut prier le Notre P\u00e8re.<\/p>\n","protected":false},"excerpt":{"rendered":"<p>De l\u2019Evangile selon Luc (Lc&nbsp;23, 27-31). Le peuple, en grande foule, le suivait, ainsi que des femmes qui se frappaient &hellip; <\/p>\n","protected":false},"author":1,"featured_media":887,"parent":0,"menu_order":0,"comment_status":"closed","ping_status":"closed","template":"","meta":{"footnotes":""},"class_list":["post-239","page","type-page","status-publish","has-post-thumbnail","hentry"],"jetpack_sharing_enabled":true,"_links":{"self":[{"href":"https:\/\/louis.armentierois.fr\/index.php\/wp-json\/wp\/v2\/pages\/239","targetHints":{"allow":["GET"]}}],"collection":[{"href":"https:\/\/louis.armentierois.fr\/index.php\/wp-json\/wp\/v2\/pages"}],"about":[{"href":"https:\/\/louis.armentierois.fr\/index.php\/wp-json\/wp\/v2\/types\/page"}],"author":[{"embeddable":true,"href":"https:\/\/louis.armentierois.fr\/index.php\/wp-json\/wp\/v2\/users\/1"}],"replies":[{"embeddable":true,"href":"https:\/\/louis.armentierois.fr\/index.php\/wp-json\/wp\/v2\/comments?post=239"}],"version-history":[{"count":3,"href":"https:\/\/louis.armentierois.fr\/index.php\/wp-json\/wp\/v2\/pages\/239\/revisions"}],"predecessor-version":[{"id":1519,"href":"https:\/\/louis.armentierois.fr\/index.php\/wp-json\/wp\/v2\/pages\/239\/revisions\/1519"}],"wp:featuredmedia":[{"embeddable":true,"href":"https:\/\/louis.armentierois.fr\/index.php\/wp-json\/wp\/v2\/media\/887"}],"wp:attachment":[{"href":"https:\/\/louis.armentierois.fr\/index.php\/wp-json\/wp\/v2\/media?parent=239"}],"curies":[{"name":"wp","href":"https:\/\/api.w.org\/{rel}","templated":true}]}}