{"id":178,"date":"2023-07-16T18:04:08","date_gmt":"2023-07-16T16:04:08","guid":{"rendered":"http:\/\/www.nds.armentierois.fr\/?page_id=178"},"modified":"2023-08-31T16:21:03","modified_gmt":"2023-08-31T14:21:03","slug":"enfant-jesus-de-prague","status":"publish","type":"page","link":"https:\/\/louis.armentierois.fr\/index.php\/enfant-jesus-de-prague\/","title":{"rendered":"Le Saint enfant J\u00e9sus de Prague"},"content":{"rendered":"\n<p>Nous avons ici une repr\u00e9sentation de J\u00e9sus petit enfant. L\u2019\u00e9vangile parle tr\u00e8s peu de l\u2019enfance de J\u00e9sus. On sait seulement qu\u2019\u00e0 l\u2019\u00e2ge de 8 ans, il s\u2019est rendu en p\u00e8lerinage au Temple de J\u00e9rusalem avec ses parents Marie et Joseph et qu\u2019au retour, on l\u2019a cherch\u00e9 partout, on l\u2019a retrouv\u00e9 enseignant dans le Temple les docteurs de La Loi. L\u2019\u00e9vangile souligne que l\u2019enfant J\u00e9sus \u201censeignait avec intelligence\u201d et qu\u2019il \u201cgrandissait en taille et en gr\u00e2ce devant Dieu et devant les hommes\u201d.<\/p>\n\n\n\n<figure class=\"wp-block-image size-large\"><img loading=\"lazy\" decoding=\"async\" width=\"640\" height=\"853\" src=\"https:\/\/i0.wp.com\/louis.armentierois.fr\/wp-content\/uploads\/2023\/08\/73153b60-410c-4967-b172-215f61c4f773-18989-00000c585885ee2c_file.jpg?resize=640%2C853&#038;ssl=1\" alt=\"\" class=\"wp-image-1400\" srcset=\"https:\/\/i0.wp.com\/louis.armentierois.fr\/wp-content\/uploads\/2023\/08\/73153b60-410c-4967-b172-215f61c4f773-18989-00000c585885ee2c_file-scaled.jpg?resize=768%2C1024&amp;ssl=1 768w, https:\/\/i0.wp.com\/louis.armentierois.fr\/wp-content\/uploads\/2023\/08\/73153b60-410c-4967-b172-215f61c4f773-18989-00000c585885ee2c_file-scaled.jpg?resize=225%2C300&amp;ssl=1 225w, https:\/\/i0.wp.com\/louis.armentierois.fr\/wp-content\/uploads\/2023\/08\/73153b60-410c-4967-b172-215f61c4f773-18989-00000c585885ee2c_file-scaled.jpg?resize=1152%2C1536&amp;ssl=1 1152w, https:\/\/i0.wp.com\/louis.armentierois.fr\/wp-content\/uploads\/2023\/08\/73153b60-410c-4967-b172-215f61c4f773-18989-00000c585885ee2c_file-scaled.jpg?resize=1536%2C2048&amp;ssl=1 1536w, https:\/\/i0.wp.com\/louis.armentierois.fr\/wp-content\/uploads\/2023\/08\/73153b60-410c-4967-b172-215f61c4f773-18989-00000c585885ee2c_file-scaled.jpg?w=1920&amp;ssl=1 1920w, https:\/\/i0.wp.com\/louis.armentierois.fr\/wp-content\/uploads\/2023\/08\/73153b60-410c-4967-b172-215f61c4f773-18989-00000c585885ee2c_file-scaled.jpg?w=1280&amp;ssl=1 1280w\" sizes=\"auto, (max-width: 640px) 100vw, 640px\" data-recalc-dims=\"1\" \/><\/figure>\n\n\n\n<p><strong>D\u2019o\u00f9 vient la d\u00e9votion \u00e0 l\u2019enfant J\u00e9sus de Prague ?<\/strong><\/p>\n\n\n\n<p>En 1628, une princesse allemande apporta aux P\u00e8res Carmes d\u00e9chauss\u00e9s de Prague une statuette de l\u2019Enfant J\u00e9sus, en leur disant:&nbsp;<em>\u201c Honorez bien cet Enfant J\u00e9sus, et rien ne vous manquera.\u201d<br><\/em>Les religieux qui \u00e9taient alors fort \u00e9prouv\u00e9s, plac\u00e8rent la statue dans leur chapelle et lui rendirent hommage. D\u00e8s ce moment, des b\u00e9n\u00e9dictions de tous genres afflu\u00e8rent sur le couvent. Les champs des p\u00e8res, auparavant frapp\u00e9s de st\u00e9rilit\u00e9, produisirent, cette ann\u00e9e-l\u00e0, d\u2019abondantes r\u00e9coltes. Le m\u00eame fait se renouvela bien des fois dans la suite, malgr\u00e9 les gel\u00e9es, la gr\u00eale ou les orages qui ravageaient les champs voisins. Des ressources suffisantes arriv\u00e8rent aux religieux pour pourvoir \u00e0 leur entretien et continuer la construction de l\u2019\u00e9glise ou du monast\u00e8re. En outre, la providence envoya d\u2019excellents novices, heureusement dou\u00e9s pour les aptitudes et la vertu, qui devinrent les plus fervents adorateurs de l\u2019Enfant J\u00e9sus.<br>Chose remarquable : d\u00e8s que la d\u00e9votion \u00e0 l\u2019Enfant J\u00e9sus se rel\u00e2chait, aussit\u00f4t les b\u00e9n\u00e9dictions se retiraient et les calamit\u00e9s revenaient. Mais si les pieux exercices reprenaient, la paix rentrait dans la communaut\u00e9 et avec elle la prosp\u00e9rit\u00e9.&nbsp;<\/p>\n\n\n\n<p>Pourquoi se tourner vers l\u2019enfant J\u00e9sus de Prague ?<\/p>\n\n\n\n<p>On dit qu\u2019il vaut mieux s\u2019adresser au bon Dieu qu\u2019\u00e0 ses saints ! J\u00e9sus est le seul Saint et tous les amis de J\u00e9sus deviennent Saint par Lui. Tous ceux qui approchent de la statue miraculeuse de l\u2019Enfant J\u00e9sus et prient avec foi devant elle, obtiennent assistance dans les p\u00e9rils, consolation dans les tristesses, secours dans la pauvret\u00e9, soulagement dans les angoisses, lumi\u00e8re dans les t\u00e9n\u00e8bres (spirituelles ou corporelles), gr\u00e2ces dans les aridit\u00e9s, sant\u00e9 dans les maladies, esp\u00e9rance aux heures de d\u00e9couragement. L\u2019Enfant J\u00e9sus apporte un rem\u00e8de et procure la gu\u00e9rison \u00e0 tous les maux que nous pouvons rencontrer. C\u2019est encore lui qui met la paix dans les familles, termine les proc\u00e8s, d\u00e9livre les prisonniers et sauve les condamn\u00e9s \u00e0 mort, b\u00e9nit les unions st\u00e9riles. Ajoutons qu\u2019Il est surtout le c\u00e9leste m\u00e9decin des enfants, qu\u2019Il donne aussi le succ\u00e8s aux examens, de l\u2019ouvrage ou un emploi \u00e0 ceux qui en manquent.&nbsp;<\/p>\n\n\n\n<p><strong>Prier avec le Saint enfant J\u00e9sus de Prague<\/strong><\/p>\n\n\n\n<p>O Saint Enfant J\u00e9sus, j\u2019ai recours \u00e0 vous. Je vous en prie par votre sainte M\u00e8re, assistez-moi dans cette n\u00e9cessit\u00e9 (On expose ici l\u2019objet de sa demande), car je crois fermement que votre divinit\u00e9 peut me secourir. J\u2019esp\u00e8re avec confiance obtenir votre sainte gr\u00e2ce.<br>Je vous aime de tout mon c\u0153ur et de toutes les forces de mon \u00e2me.&nbsp;<\/p>\n\n\n\n<p>Je me repens sinc\u00e8rement de mes p\u00e9ch\u00e9s, et je vous supplie, \u00f4 bon J\u00e9sus, de me donner la force d\u2019en triompher. Je prends la r\u00e9solution de ne plus jamais vous offenser et je viens m\u2019offrir \u00e0 vous dans la disposition de tout souffrir plut\u00f4t que de vous d\u00e9plaire.<br>D\u00e9sormais je veux vous servir avec fid\u00e9lit\u00e9. Pour l\u2019amour de vous, \u00f4 divin enfant, j\u2019aimerai mon prochain comme moi-m\u00eame.&nbsp;<\/p>\n\n\n\n<p>Enfant plein de puissance, \u00f4 J\u00e9sus, je vous en conjure de nouveau, assistez-moi dans cette circonstance (nommez-la), et faites-moi la gr\u00e2ce de vous poss\u00e9der \u00e9ternellement dans le ciel avec Marie et Joseph, et de vous y adorer \u00e0 jamais avec les saints anges. Ainsi soit-il.&nbsp;<\/p>\n\n\n\n<p>Pri\u00e8re au saint Enfant J\u00e9sus de Prague, du p\u00e8re CYRILLE, Son fid\u00e8le serviteur.&nbsp;<\/p>\n\n\n\n<p><strong>Litanies du Saint Nom de J\u00e9sus<\/strong><\/p>\n\n\n\n<p>Seigneur, ayez piti\u00e9 de nous,<br>J\u00e9sus-Christ, ayez piti\u00e9 de nous,<br>Seigneur, ayez piti\u00e9 de nous,<\/p>\n\n\n\n<p>J\u00e9sus-Christ, \u00e9coutez-nous.<br>J\u00e9sus-Christ, exaucez-nous.<\/p>\n\n\n\n<p>P\u00e8re c\u00e9leste, qui \u00eates Dieu, ayez piti\u00e9 de nous,<br>Fils, R\u00e9dempteur du monde, qui \u00eates Dieu, ayez piti\u00e9 de nous,<\/p>\n\n\n\n<p>Esprit Saint, qui \u00eates Dieu, ayez piti\u00e9 de nous,<br>Trinit\u00e9 sainte, qui \u00eates un seul Dieu, ayez piti\u00e9 de nous,<\/p>\n\n\n\n<p>J\u00e9sus, fils du Dieu vivant, ayez piti\u00e9 de nous,<br>J\u00e9sus, splendeur du P\u00e8re, ayez piti\u00e9 de nous,<br>J\u00e9sus, pur \u00e9clat de la lumi\u00e8re \u00e9ternelle, ayez piti\u00e9 de nous,<br>J\u00e9sus, roi de gloire, ayez piti\u00e9 de nous,<br>J\u00e9sus, soleil de justice, ayez piti\u00e9 de nous,<br>J\u00e9sus, fils de la Vierge Marie, ayez piti\u00e9 de nous,<br>J\u00e9sus aimable, ayez piti\u00e9 de nous,<br>J\u00e9sus admirable, ayez piti\u00e9 de nous,<br>J\u00e9sus, Dieu fort, ayez piti\u00e9 de nous,<br>J\u00e9sus, P\u00e8re du si\u00e8cle \u00e0 venir, ayez piti\u00e9 de nous,<br>J\u00e9sus, ange du grand conseil, ayez piti\u00e9 de nous,<br>J\u00e9sus, tr\u00e8s puissant, ayez piti\u00e9 de nous,<br>J\u00e9sus, tr\u00e8s patient, ayez piti\u00e9 de nous,<br>J\u00e9sus, tr\u00e8s ob\u00e9issant, ayez piti\u00e9 de nous,<br>J\u00e9sus, doux et humble de c\u0153ur, ayez piti\u00e9 de nous,<br>J\u00e9sus, qui ch\u00e9rissez la chastet\u00e9, ayez piti\u00e9 de nous,<br>J\u00e9sus, qui nous honorez de votre amour, ayez piti\u00e9 de nous,<br>J\u00e9sus, Dieu de paix, ayez piti\u00e9 de nous,<br>J\u00e9sus, auteur de la vie, ayez piti\u00e9 de nous,<br>J\u00e9sus, mod\u00e8le des vertus, ayez piti\u00e9 de nous,<br>J\u00e9sus, notre Dieu, ayez piti\u00e9 de nous,<br>J\u00e9sus, notre refuge, ayez piti\u00e9 de nous,<br>J\u00e9sus, p\u00e8re des pauvres,&nbsp; ayez piti\u00e9 de nous,<br>J\u00e9sus, tr\u00e9sor des fid\u00e8les, ayez piti\u00e9 de nous,<br>J\u00e9sus, bon pasteur, ayez piti\u00e9 de nous,<br>J\u00e9sus, vraie lumi\u00e8re, ayez piti\u00e9 de nous,<br>J\u00e9sus, Sagesse \u00e9ternelle, ayez piti\u00e9 de nous,<br>J\u00e9sus, bont\u00e9 infinie, ayez piti\u00e9 de nous,<br>J\u00e9sus, notre voie et notre vie, ayez piti\u00e9 de nous,<br>J\u00e9sus, joie des anges, ayez piti\u00e9 de nous,<br>J\u00e9sus, roi des patriarches, ayez piti\u00e9 de nous,<br>J\u00e9sus, ma\u00eetre des ap\u00f4tres, ayez piti\u00e9 de nous,<br>J\u00e9sus, force des martyrs, ayez piti\u00e9 de nous,<br>J\u00e9sus, lumi\u00e8re des confesseurs, ayez piti\u00e9 de nous,<br>J\u00e9sus, puret\u00e9 des vierges, ayez piti\u00e9 de nous,<br>J\u00e9sus, couronne de tous les saints, ayez piti\u00e9 de nous,<\/p>\n\n\n\n<p>Soyez-nous propice, pardonnez-nous, J\u00e9sus<br>Soyez-nous propice, exaucez-nous, J\u00e9sus<\/p>\n\n\n\n<p>De tout mal, d\u00e9livrez-nous, J\u00e9sus<br>De tout p\u00e9ch\u00e9, d\u00e9livrez-nous, J\u00e9sus<br>De votre col\u00e8re, d\u00e9livrez-nous, J\u00e9sus<br>Des emb\u00fbches du d\u00e9mon, d\u00e9livrez-nous, J\u00e9sus<br>De l\u2019esprit de fornication, d\u00e9livrez-nous, J\u00e9sus<br>De la mort \u00e9ternelle, d\u00e9livrez-nous, J\u00e9sus<br>Du m\u00e9pris de vos divines inspirations, d\u00e9livrez-nous, J\u00e9sus<\/p>\n\n\n\n<p>Par le myst\u00e8re de votre sainte Incarnation, d\u00e9livrez-nous, J\u00e9sus<\/p>\n\n\n\n<p>Par votre nativit\u00e9, d\u00e9livrez-nous, J\u00e9sus<br>Par votre enfance, d\u00e9livrez-nous, J\u00e9sus<br>Par votre vie toute divine, d\u00e9livrez-nous, J\u00e9sus<\/p>\n\n\n\n<p>Par vos travaux, d\u00e9livrez-nous, J\u00e9sus<br>Par votre agonie et par votre passion, d\u00e9livrez-nous, J\u00e9sus<br>Par votre croix et par votre abandon, d\u00e9livrez-nous, J\u00e9sus<br>Par vos langueurs, d\u00e9livrez-nous, J\u00e9sus<br>Par votre mort et par votre s\u00e9pulture, d\u00e9livrez-nous, J\u00e9sus<br>Par votre r\u00e9surrection, d\u00e9livrez-nous, J\u00e9sus<br>Par votre ascension, d\u00e9livrez-nous, J\u00e9sus<br>Par vos joies, d\u00e9livrez-nous, J\u00e9sus<br>Par votre gloire, d\u00e9livrez-nous, J\u00e9sus<\/p>\n\n\n\n<p>Agneau de Dieu, qui effacez les p\u00e9ch\u00e9s du monde, pardonnez-nous, J\u00e9sus<br>Agneau de Dieu, qui effacez les p\u00e9ch\u00e9s du monde, exaucez-nous, J\u00e9sus<br>Agneau de Dieu, qui effacez les p\u00e9ch\u00e9s du monde, ayez piti\u00e9 de nous, J\u00e9sus<br>Que le nom du Seigneur soit b\u00e9ni, maintenant et dans tous les si\u00e8cles.<\/p>\n\n\n\n<p><strong>Prions<\/strong><br>Seigneur J\u00e9sus-Christ, qui avez dit : Demandez et vous recevrez, cherchez et vous trouverez, frappez, et l\u2019on vous ouvrira; faites-nous, s\u2019il vous pla\u00eet, la gr\u00e2ce de concevoir l\u2019affection de votre amour divin, afin que nous vous aimions de tout notre c\u0153ur, en vous confessant de bouche et d\u2019action, et que jamais nous ne cessions de vous louer. Vous qui vivez et r\u00e9gnez dans les si\u00e8cles des si\u00e8cles. Amen.<\/p>\n","protected":false},"excerpt":{"rendered":"<p>Nous avons ici une repr\u00e9sentation de J\u00e9sus petit enfant. L\u2019\u00e9vangile parle tr\u00e8s peu de l\u2019enfance de J\u00e9sus. On sait seulement &hellip; <\/p>\n","protected":false},"author":1,"featured_media":1400,"parent":0,"menu_order":0,"comment_status":"closed","ping_status":"closed","template":"","meta":{"footnotes":""},"class_list":["post-178","page","type-page","status-publish","has-post-thumbnail","hentry"],"jetpack_sharing_enabled":true,"_links":{"self":[{"href":"https:\/\/louis.armentierois.fr\/index.php\/wp-json\/wp\/v2\/pages\/178","targetHints":{"allow":["GET"]}}],"collection":[{"href":"https:\/\/louis.armentierois.fr\/index.php\/wp-json\/wp\/v2\/pages"}],"about":[{"href":"https:\/\/louis.armentierois.fr\/index.php\/wp-json\/wp\/v2\/types\/page"}],"author":[{"embeddable":true,"href":"https:\/\/louis.armentierois.fr\/index.php\/wp-json\/wp\/v2\/users\/1"}],"replies":[{"embeddable":true,"href":"https:\/\/louis.armentierois.fr\/index.php\/wp-json\/wp\/v2\/comments?post=178"}],"version-history":[{"count":6,"href":"https:\/\/louis.armentierois.fr\/index.php\/wp-json\/wp\/v2\/pages\/178\/revisions"}],"predecessor-version":[{"id":1478,"href":"https:\/\/louis.armentierois.fr\/index.php\/wp-json\/wp\/v2\/pages\/178\/revisions\/1478"}],"wp:featuredmedia":[{"embeddable":true,"href":"https:\/\/louis.armentierois.fr\/index.php\/wp-json\/wp\/v2\/media\/1400"}],"wp:attachment":[{"href":"https:\/\/louis.armentierois.fr\/index.php\/wp-json\/wp\/v2\/media?parent=178"}],"curies":[{"name":"wp","href":"https:\/\/api.w.org\/{rel}","templated":true}]}}