{"id":153,"date":"2023-07-16T17:54:28","date_gmt":"2023-07-16T15:54:28","guid":{"rendered":"http:\/\/www.nds.armentierois.fr\/?page_id=153"},"modified":"2023-09-01T14:43:43","modified_gmt":"2023-09-01T12:43:43","slug":"bapteme-du-seigneur","status":"publish","type":"page","link":"https:\/\/louis.armentierois.fr\/index.php\/bapteme-du-seigneur\/","title":{"rendered":"Saint Louis pr\u00e9sente la relique de la couronne d\u2019\u00e9pines !"},"content":{"rendered":"\n<p><em>Les vitraux de Saint Louis sont entour\u00e9s de ceux de Saint Remy et de Sainte Clotilde, il situe ainsi Saint Louis en digne descendant de Clovis, premier Roi des Francs, sacr\u00e9 \u00e0 Reims<\/em>.<\/p>\n\n\n\n<p><strong>Histoire de la couronne d&rsquo;\u00e9pines<\/strong><\/p>\n\n\n\n<p>Symbole de la royaut\u00e9 sacrificielle de J\u00e9sus-Christ, la sainte Couronne d\u2019\u00e9pines pos\u00e9e sur la t\u00eate du\u00a0Christ\u00a0avant sa\u00a0crucifixion, ainsi que les autres reliques de la Passion, sont rapatri\u00e9es de J\u00e9rusalem \u00e0 Constantinople par les empereurs byzantins entre les VII\u00e8me et X\u00e8me si\u00e8cles. \u00c0 Constantinople, elles sont ainsi conserv\u00e9es dans une chapelle du palais imp\u00e9rial, d\u00e9di\u00e9e \u00e0 la Vierge.<\/p>\n\n\n\n<p>Rachet\u00e9e par saint Louis \u00e0 l\u2019empereur latin de Constantinople, Baudouin II de Courtenay, la Couronne est ramen\u00e9e \u00e0 Paris en 1239. La Sainte-Couronne est donc solennellement accueillie par Louis IX le 9 aout 1239 \u00e0 Villeneuve l\u2019Archev\u00eaque. Elle est amen\u00e9e \u00e0 la cath\u00e9drale de Sens, puis au ch\u00e2teau de Vincennes o\u00f9 elle est offerte \u00e0 la v\u00e9n\u00e9ration des habitants de Paris. La sainte Couronne est ensuite port\u00e9e \u00e0 Notre-Dame, avant d\u2019\u00eatre plac\u00e9e dans la chapelle du palais de la Cit\u00e9. Avec les autres reliques de la Passion, la Couronne reste \u00e0 la Sainte Chapelle sur l\u2019\u00eele de la Cit\u00e9 jusqu\u2019\u00e0 la R\u00e9volution fran\u00e7aise.<\/p>\n\n\n\n<p>Durant la R\u00e9volution, consid\u00e9r\u00e9es comme \u00ab<em>objets de patrimoine<\/em>\u00bb, les&nbsp;reliques&nbsp;sont d\u00e9pos\u00e9es au Cabinet des m\u00e9dailles de la Biblioth\u00e8que nationale, &nbsp;rue de Richelieu. \u00c0 la suite du Concordat de 1801, elles sont enfin remises \u00e0 l\u2019archev\u00eaque&nbsp;de Paris qui les affecte au tr\u00e9sor de la Cath\u00e9drale Notre-Dame le 10 ao\u00fbt 1806 o\u00f9 elles se trouvent toujours aujourd\u2019hui.<\/p>\n\n\n\n<p>&nbsp;La sainte Couronne d\u2019\u00e9pines est l\u2019une des plus importantes reliques au monde. Saint Jean y fait directement r\u00e9f\u00e9rence (Jean, 19,12), rapportant que \u00ab<em>les soldats tress\u00e8rent avec des \u00e9pines une couronne qu\u2019ils lui pos\u00e8rent sur la t\u00eate ; puis ils le rev\u00eatirent d\u2019un manteau pourpre\u00bb.&nbsp;<\/em>Elle est aujourd\u2019hui toujours plac\u00e9e sous la garde des Chevaliers du Saint-S\u00e9pulcre de J\u00e9rusalem.<\/p>\n\n\n\n<p>La sainte Couronne d\u2019\u00e9pines est v\u00e9n\u00e9r\u00e9e dans la capitale fran\u00e7aise depuis huit si\u00e8cles, le vendredi saint. Elle a \u00e9t\u00e9 sauv\u00e9e des flammes de l\u2019incendie de Notre-Dame de Paris en avril 2019, la Couronne a \u00e9t\u00e9 v\u00e9n\u00e9r\u00e9e de fa\u00e7on exceptionnelle ce Vendredi Saint 2020.<\/p>\n\n\n\n<p><strong>Le vitrail<\/strong><\/p>\n\n\n\n<p>Ce vitrail pr\u00e9sente l&rsquo;homme de foi Saint Louis, d\u00e9vou\u00e9 pour apporter les faveurs divines de cette sainte relique aux personnes en attente d&rsquo;une gu\u00e9rison.<\/p>\n\n\n\n<figure class=\"wp-block-image size-large\"><img loading=\"lazy\" decoding=\"async\" width=\"640\" height=\"853\" src=\"https:\/\/i0.wp.com\/louis.armentierois.fr\/wp-content\/uploads\/2023\/08\/img_2250-1.jpg?resize=640%2C853&#038;ssl=1\" alt=\"\" class=\"wp-image-1079\" srcset=\"https:\/\/i0.wp.com\/louis.armentierois.fr\/wp-content\/uploads\/2023\/08\/img_2250-1-scaled.jpg?resize=768%2C1024&amp;ssl=1 768w, https:\/\/i0.wp.com\/louis.armentierois.fr\/wp-content\/uploads\/2023\/08\/img_2250-1-scaled.jpg?resize=225%2C300&amp;ssl=1 225w, https:\/\/i0.wp.com\/louis.armentierois.fr\/wp-content\/uploads\/2023\/08\/img_2250-1-scaled.jpg?resize=1152%2C1536&amp;ssl=1 1152w, https:\/\/i0.wp.com\/louis.armentierois.fr\/wp-content\/uploads\/2023\/08\/img_2250-1-scaled.jpg?resize=1536%2C2048&amp;ssl=1 1536w, https:\/\/i0.wp.com\/louis.armentierois.fr\/wp-content\/uploads\/2023\/08\/img_2250-1-scaled.jpg?w=1920&amp;ssl=1 1920w, https:\/\/i0.wp.com\/louis.armentierois.fr\/wp-content\/uploads\/2023\/08\/img_2250-1-scaled.jpg?w=1280&amp;ssl=1 1280w\" sizes=\"auto, (max-width: 640px) 100vw, 640px\" data-recalc-dims=\"1\" \/><figcaption class=\"wp-element-caption\"><em>Saint Louis, homme d\u00e9vou\u00e9, pr\u00e9sente la relique de la sainte couronne<\/em><\/figcaption><\/figure>\n\n\n\n<p class=\"has-background has-black-color has-text-color\" style=\"background:radial-gradient(rgb(6,147,227) 80%,rgb(155,81,224) 100%)\"><strong>V\u00e9n\u00e9rer une relique<\/strong><\/p>\n\n\n\n<p class=\"has-background has-black-color has-text-color\" style=\"background:radial-gradient(rgb(6,147,227) 80%,rgb(155,81,224) 100%)\">\u00ab\u00a0<em>Celui qui est affectionn\u00e9 pour quelqu\u2019un v\u00e9n\u00e8re aussi les choses que cette personne a laiss\u00e9es d\u2019elle-m\u00eame apr\u00e8s sa mort&nbsp;\u00a0\u00bb enseigne saint Thomas d\u2019Aquin. Rappelons-nous d\u2019abord que dans nos paroisses, nous ne sommes jamais loin des reliques puisque les pierres d\u2019autel de nos \u00e9glises poss\u00e8dent toutes une relique, souvent celle d\u2019un saint martyr, en m\u00e9moire de son sacrifice uni \u00e0 celui du Christ.<\/em><\/p>\n\n\n\n<p><strong>Les reliques nous conduisent \u00e0 Dieu lui-m\u00eame : en effet, c\u2019est Lui qui, par la force de sa gr\u00e2ce, donne \u00e0 des \u00eatres fragiles le courage d\u2019\u00eatre ses t\u00e9moins devant le monde. En nous invitant \u00e0 v\u00e9n\u00e9rer les restes mortels des martyrs et des saints, l\u2019Eglise n\u2019oublie pas qu\u2019il s\u2019agit certes de pauvres ossements humains, mais d\u2019ossements qui appartenaient \u00e0 des personnes visit\u00e9es par la puissance transcendante de Dieu. Les reliques des saints sont des traces de la pr\u00e9sence invisible mais r\u00e9elle qui illumine les t\u00e9n\u00e8bres du monde, manifestant que le r\u00e8gne de Dieu est au-dedans de nous.&nbsp;<br><\/strong><em>&nbsp; &nbsp; &nbsp; &nbsp; &nbsp; &nbsp; &nbsp; &nbsp; &nbsp; &nbsp; &nbsp; &nbsp; &nbsp; &nbsp; &nbsp; &nbsp; &nbsp; &nbsp; &nbsp; &nbsp; &nbsp; &nbsp; &nbsp; &nbsp; &nbsp; &nbsp; &nbsp; &nbsp; &nbsp; &nbsp; &nbsp; &nbsp; &nbsp; &nbsp; &nbsp; &nbsp; &nbsp; &nbsp; &nbsp; &nbsp; &nbsp; &nbsp; &nbsp;Benoit XVI \u2013 JMJ Cologne 2005<\/em><\/p>\n","protected":false},"excerpt":{"rendered":"<p>Les vitraux de Saint Louis sont entour\u00e9s de ceux de Saint Remy et de Sainte Clotilde, il situe ainsi Saint &hellip; <\/p>\n","protected":false},"author":1,"featured_media":1079,"parent":0,"menu_order":0,"comment_status":"closed","ping_status":"closed","template":"","meta":{"footnotes":""},"class_list":["post-153","page","type-page","status-publish","has-post-thumbnail","hentry"],"jetpack_sharing_enabled":true,"_links":{"self":[{"href":"https:\/\/louis.armentierois.fr\/index.php\/wp-json\/wp\/v2\/pages\/153","targetHints":{"allow":["GET"]}}],"collection":[{"href":"https:\/\/louis.armentierois.fr\/index.php\/wp-json\/wp\/v2\/pages"}],"about":[{"href":"https:\/\/louis.armentierois.fr\/index.php\/wp-json\/wp\/v2\/types\/page"}],"author":[{"embeddable":true,"href":"https:\/\/louis.armentierois.fr\/index.php\/wp-json\/wp\/v2\/users\/1"}],"replies":[{"embeddable":true,"href":"https:\/\/louis.armentierois.fr\/index.php\/wp-json\/wp\/v2\/comments?post=153"}],"version-history":[{"count":9,"href":"https:\/\/louis.armentierois.fr\/index.php\/wp-json\/wp\/v2\/pages\/153\/revisions"}],"predecessor-version":[{"id":1502,"href":"https:\/\/louis.armentierois.fr\/index.php\/wp-json\/wp\/v2\/pages\/153\/revisions\/1502"}],"wp:featuredmedia":[{"embeddable":true,"href":"https:\/\/louis.armentierois.fr\/index.php\/wp-json\/wp\/v2\/media\/1079"}],"wp:attachment":[{"href":"https:\/\/louis.armentierois.fr\/index.php\/wp-json\/wp\/v2\/media?parent=153"}],"curies":[{"name":"wp","href":"https:\/\/api.w.org\/{rel}","templated":true}]}}

Saint Louis présente la relique de la couronne d’épines !

<p><em>Les vitraux de Saint Louis sont entourés de ceux de Saint Remy et de Sainte Clotilde, il situe ainsi Saint Louis en digne descendant de Clovis, premier Roi des Francs, sacré à Reims</em>.</p>



<p><strong>Histoire de la couronne d&rsquo;épines</strong></p>



<p>Symbole de la royauté sacrificielle de Jésus-Christ, la sainte Couronne d’épines posée sur la tête du Christ avant sa crucifixion, ainsi que les autres reliques de la Passion, sont rapatriées de Jérusalem à Constantinople par les empereurs byzantins entre les VIIème et Xème siècles. À Constantinople, elles sont ainsi conservées dans une chapelle du palais impérial, dédiée à la Vierge.</p>



<p>Rachetée par saint Louis à l’empereur latin de Constantinople, Baudouin II de Courtenay, la Couronne est ramenée à Paris en 1239. La Sainte-Couronne est donc solennellement accueillie par Louis IX le 9 aout 1239 à Villeneuve l’Archevêque. Elle est amenée à la cathédrale de Sens, puis au château de Vincennes où elle est offerte à la vénération des habitants de Paris. La sainte Couronne est ensuite portée à Notre-Dame, avant d’être placée dans la chapelle du palais de la Cité. Avec les autres reliques de la Passion, la Couronne reste à la Sainte Chapelle sur l’île de la Cité jusqu’à la Révolution française.</p>



<p>Durant la Révolution, considérées comme «<em>objets de patrimoine</em>», les&nbsp;reliques&nbsp;sont déposées au Cabinet des médailles de la Bibliothèque nationale, &nbsp;rue de Richelieu. À la suite du Concordat de 1801, elles sont enfin remises à l’archevêque&nbsp;de Paris qui les affecte au trésor de la Cathédrale Notre-Dame le 10 août 1806 où elles se trouvent toujours aujourd’hui.</p>



<p>&nbsp;La sainte Couronne d’épines est l’une des plus importantes reliques au monde. Saint Jean y fait directement référence (Jean, 19,12), rapportant que «<em>les soldats tressèrent avec des épines une couronne qu’ils lui posèrent sur la tête ; puis ils le revêtirent d’un manteau pourpre».&nbsp;</em>Elle est aujourd’hui toujours placée sous la garde des Chevaliers du Saint-Sépulcre de Jérusalem.</p>



<p>La sainte Couronne d’épines est vénérée dans la capitale française depuis huit siècles, le vendredi saint. Elle a été sauvée des flammes de l’incendie de Notre-Dame de Paris en avril 2019, la Couronne a été vénérée de façon exceptionnelle ce Vendredi Saint 2020.</p>



<p><strong>Le vitrail</strong></p>



<p>Ce vitrail présente l&rsquo;homme de foi Saint Louis, dévoué pour apporter les faveurs divines de cette sainte relique aux personnes en attente d&rsquo;une guérison.</p>



<figure class="wp-block-image size-large"><img loading="lazy" decoding="async" width="640" height="853" src="https://i0.wp.com/louis.armentierois.fr/wp-content/uploads/2023/08/img_2250-1.jpg?resize=640%2C853&#038;ssl=1" alt="" class="wp-image-1079" srcset="https://i0.wp.com/louis.armentierois.fr/wp-content/uploads/2023/08/img_2250-1-scaled.jpg?resize=768%2C1024&amp;ssl=1 768w, https://i0.wp.com/louis.armentierois.fr/wp-content/uploads/2023/08/img_2250-1-scaled.jpg?resize=225%2C300&amp;ssl=1 225w, https://i0.wp.com/louis.armentierois.fr/wp-content/uploads/2023/08/img_2250-1-scaled.jpg?resize=1152%2C1536&amp;ssl=1 1152w, https://i0.wp.com/louis.armentierois.fr/wp-content/uploads/2023/08/img_2250-1-scaled.jpg?resize=1536%2C2048&amp;ssl=1 1536w, https://i0.wp.com/louis.armentierois.fr/wp-content/uploads/2023/08/img_2250-1-scaled.jpg?w=1920&amp;ssl=1 1920w, https://i0.wp.com/louis.armentierois.fr/wp-content/uploads/2023/08/img_2250-1-scaled.jpg?w=1280&amp;ssl=1 1280w" sizes="auto, (max-width: 640px) 100vw, 640px" data-recalc-dims="1" /><figcaption class="wp-element-caption"><em>Saint Louis, homme dévoué, présente la relique de la sainte couronne</em></figcaption></figure>



<p class="has-background has-black-color has-text-color" style="background:radial-gradient(rgb(6,147,227) 80%,rgb(155,81,224) 100%)"><strong>Vénérer une relique</strong></p>



<p class="has-background has-black-color has-text-color" style="background:radial-gradient(rgb(6,147,227) 80%,rgb(155,81,224) 100%)">« <em>Celui qui est affectionné pour quelqu’un vénère aussi les choses que cette personne a laissées d’elle-même après sa mort&nbsp; » enseigne saint Thomas d’Aquin. Rappelons-nous d’abord que dans nos paroisses, nous ne sommes jamais loin des reliques puisque les pierres d’autel de nos églises possèdent toutes une relique, souvent celle d’un saint martyr, en mémoire de son sacrifice uni à celui du Christ.</em></p>



<p><strong>Les reliques nous conduisent à Dieu lui-même : en effet, c’est Lui qui, par la force de sa grâce, donne à des êtres fragiles le courage d’être ses témoins devant le monde. En nous invitant à vénérer les restes mortels des martyrs et des saints, l’Eglise n’oublie pas qu’il s’agit certes de pauvres ossements humains, mais d’ossements qui appartenaient à des personnes visitées par la puissance transcendante de Dieu. Les reliques des saints sont des traces de la présence invisible mais réelle qui illumine les ténèbres du monde, manifestant que le règne de Dieu est au-dedans de nous.&nbsp;<br></strong><em>&nbsp; &nbsp; &nbsp; &nbsp; &nbsp; &nbsp; &nbsp; &nbsp; &nbsp; &nbsp; &nbsp; &nbsp; &nbsp; &nbsp; &nbsp; &nbsp; &nbsp; &nbsp; &nbsp; &nbsp; &nbsp; &nbsp; &nbsp; &nbsp; &nbsp; &nbsp; &nbsp; &nbsp; &nbsp; &nbsp; &nbsp; &nbsp; &nbsp; &nbsp; &nbsp; &nbsp; &nbsp; &nbsp; &nbsp; &nbsp; &nbsp; &nbsp; &nbsp;Benoit XVI – JMJ Cologne 2005</em></p>

<p>Les vitraux de Saint Louis sont entourés de ceux de Saint Remy et de Sainte Clotilde, il situe ainsi Saint &hellip; </p>
