{"id":1002,"date":"2023-08-11T15:14:04","date_gmt":"2023-08-11T13:14:04","guid":{"rendered":"https:\/\/louis.armentierois.fr\/?page_id=1002"},"modified":"2023-08-11T15:59:04","modified_gmt":"2023-08-11T13:59:04","slug":"bernadette","status":"publish","type":"page","link":"https:\/\/louis.armentierois.fr\/index.php\/bernadette\/","title":{"rendered":"Bernadette"},"content":{"rendered":"\n<p><em>Bernadette est une fillette pauvre, elle rencontre au bord du Gave une belle dame. Elle ignore que l\u2019Eglise vient de proclamer le dogme de l\u2019Immacul\u00e9e Conception, mais la dame se pr\u00e9sente : \u2018je suis l\u2019Immacul\u00e9e Conception \u00bb\u2026 A l\u2019aube du XXe si\u00e8cle, Bernadette re\u00e7oit de Marie le premier grand message de conversion donn\u00e9 du Ciel pour notre temps. Les d\u00e9buts de sa vocation sont ceux d\u2019une voie extraordinaire, mais sa vie, depuis la fin des apparitions et son entr\u00e9e en religion, est celle d\u2019une voie ordinaire. \u2018L\u2019important n\u2019est pas de faire beaucoup, dit-elle, mais de bien faire\u2019\u2026 Simple, peu mystique, espi\u00e8gle, elle d\u00e9route la bonne soci\u00e9t\u00e9, mais sous son habit religieux il y a une plaie qui la martyrise quotidiennement.<\/em><\/p>\n\n\n\n<figure class=\"wp-block-image size-large\"><img loading=\"lazy\" decoding=\"async\" width=\"640\" height=\"853\" src=\"https:\/\/i0.wp.com\/louis.armentierois.fr\/wp-content\/uploads\/2023\/08\/img_2210.jpg?resize=640%2C853&#038;ssl=1\" alt=\"\" class=\"wp-image-1020\" srcset=\"https:\/\/i0.wp.com\/louis.armentierois.fr\/wp-content\/uploads\/2023\/08\/img_2210-scaled.jpg?resize=768%2C1024&amp;ssl=1 768w, https:\/\/i0.wp.com\/louis.armentierois.fr\/wp-content\/uploads\/2023\/08\/img_2210-scaled.jpg?resize=225%2C300&amp;ssl=1 225w, https:\/\/i0.wp.com\/louis.armentierois.fr\/wp-content\/uploads\/2023\/08\/img_2210-scaled.jpg?resize=1152%2C1536&amp;ssl=1 1152w, https:\/\/i0.wp.com\/louis.armentierois.fr\/wp-content\/uploads\/2023\/08\/img_2210-scaled.jpg?resize=1536%2C2048&amp;ssl=1 1536w, https:\/\/i0.wp.com\/louis.armentierois.fr\/wp-content\/uploads\/2023\/08\/img_2210-scaled.jpg?w=1920&amp;ssl=1 1920w, https:\/\/i0.wp.com\/louis.armentierois.fr\/wp-content\/uploads\/2023\/08\/img_2210-scaled.jpg?w=1280&amp;ssl=1 1280w\" sizes=\"auto, (max-width: 640px) 100vw, 640px\" data-recalc-dims=\"1\" \/><figcaption class=\"wp-element-caption\">Sainte Bernadette <\/figcaption><\/figure>\n\n\n\n<p>Avant de devenir&nbsp;<strong>LA sainte Bernadette<\/strong>&nbsp;mondialement connue et pri\u00e9e notamment pour&nbsp;<strong>\u00ab<em>&nbsp;obtenir des gr\u00e2ces de salut en faveur des pauvres et des petits<\/em>&nbsp;\u00bb,&nbsp;<\/strong>Bernadette \u00e9tait une petite paysanne du sud-ouest de la France. Marie-Bernarde Soubirous na\u00eet le 7 janvier 1844 pr\u00e8s de Lourdes. Elle est&nbsp;<strong>l\u2019a\u00een\u00e9e d\u2019une famille de neuf fr\u00e8res et s\u0153urs<\/strong>&nbsp;dont quatre sont morts en bas \u00e2ge. Son p\u00e8re, Fran\u00e7ois, est meunier avant de perdre son travail, ruin\u00e9e, la famille nombreuse s\u2019installe au lieu-dit \u00ab&nbsp;<em>Le Cachot&nbsp;<\/em>\u00bb, une pi\u00e8ce insalubre et exigu\u00eb. Souffrant d\u2019asthme tr\u00e8s jeune, la fr\u00eale Bernadette sera envoy\u00e9e en tant que servante \u00e0 Bartr\u00e8s, pr\u00e8s de Lourdes en 1857 avant de revenir un an plus tard \u00e0 Lourdes pour recevoir sa premi\u00e8re communion. Durant cette ann\u00e9e 1858, la jeune fille \u00e2g\u00e9e de 14 ans va avoir&nbsp;<strong>dix-huit<\/strong>&nbsp;<strong>apparitions de la Sainte Vierge<\/strong>. Le miracle se produit pour la premi\u00e8re fois le 11 f\u00e9vrier \u00e0<strong>&nbsp;la grotte de Massabielle<\/strong>&nbsp;et se renouvelle jusqu\u2019au 16 juillet 1858.&nbsp;<\/p>\n\n\n\n<p>Deux ans apr\u00e8s les apparitions, Bernadette entre en tant que pensionnaire \u00e0 l&rsquo;hospice des<strong>&nbsp;S\u0153urs de la Charit\u00e9&nbsp;<\/strong>de Lourdes. Sa vocation religieuse s\u2019affermit et en 1864, elle commence son postulat \u00e0 Lourdes puis quitte ses Pyr\u00e9n\u00e9es natales pour rejoindre le couvent Saint-Gildard de Nevers en 1866. En octobre 1867, elle formule ses v\u0153ux et devient&nbsp;<strong>s\u0153ur Marie-Bernard<\/strong>. Durant treize ann\u00e9es, la vie de Bernadette Soubirous sera jalonn\u00e9e de souffrances li\u00e9es \u00e0 son \u00e9tat de sant\u00e9 pr\u00e9caire et au traitement s\u00e9v\u00e8re de ses sup\u00e9rieures. Elle offre ses souffrances pour le monde en priant inlassablement la Vierge Marie et apporte soin et r\u00e9confort aux malades \u00e0 l\u2019infirmerie. Alit\u00e9e de longs mois suite \u00e0 une maladie pulmonaire grave, elle s\u2019\u00e9teint le 16 avril 1879, \u00e0 seulement 35 ans. Dans son dernier soupir, elle murmure : \u00ab&nbsp;<em>Sainte Marie, M\u00e8re de Dieu, priez pour moi, pauvre p\u00e9cheresse<\/em>&nbsp;\u00bb.<\/p>\n\n\n\n<p>Le corps de Bernadette Soubirous est exhum\u00e9e de son cercueil<strong>&nbsp;<\/strong>en 1909, 1919 et 1925 en vue de son proc\u00e8s de b\u00e9atification.&nbsp;<strong>Demeur\u00e9 inexplicablement intact, son corps est conserv\u00e9 \u00e0 la chapelle Saint-Gildard, \u00e0 Nevers<\/strong>. Sainte Bernadette est&nbsp;<strong>canonis\u00e9e en 1933 par le pape Pie XI<\/strong>&nbsp;en raison de sa foi et de l&rsquo;exemplarit\u00e9 de sa vie religieuse et non des apparitions<strong>&nbsp;<\/strong>dont elle fut t\u00e9moin.&nbsp;<strong>Sa f\u00eate est c\u00e9l\u00e9br\u00e9e le 18 f\u00e9vrier.<\/strong>&nbsp;Elle est la<strong>&nbsp;sainte patronne des bergers, des personnes pauvres, des personnes malades et\u2026 des colocataires !<\/strong><\/p>\n\n\n\n<h2 class=\"wp-block-heading\" id=\"priere-a-sainte-bernadette-soubirous\">Pri\u00e8re \u00e0 sainte Bernadette Soubirous<\/h2>\n\n\n\n<p><em>\u00ab Pour mettre dans tes pas mes pas trop h\u00e9sitants, s\u2019il te pla\u00eet, Bernadette, pr\u00eate-moi tes sabots !<br \/>Ils sont pour moi symbole de bon sens, d\u2019esprit d&rsquo;humilit\u00e9 et de simplicit\u00e9. Et tu sais bien, h\u00e9las, que tout cela me manque.<br \/>S\u2019il te pla\u00eet Bernadette, pr\u00eate-moi tes sabots !&nbsp;<\/em><\/p>\n\n\n\n<p><em>Tu allais ramasser le bois qui fait la flamme et r\u00e9unit les hommes en les r\u00e9confortant, pour que je puisse aussi r\u00e9chauffer ceux qui ont froid et \u00e9clairer ceux qui ont besoin d&rsquo;un sourire, s\u2019il te pla\u00eet Bernadette, pr\u00eate-moi tes sabots.<br \/>Peut-\u00eatre tes sabots seront-ils trop petits pour moi. Ce sera tr\u00e8s bien ainsi ! Cela me rappellera que je suis limit\u00e9, que je ne connais pas tout, que je peux tomber et me relever&#8230;<br \/>S\u2019il te pla\u00eet Bernadette, pr\u00eate-moi tes sabots.&nbsp;<\/em><\/p>\n\n\n\n<p><em>Pour aller vers Marie avec plus de confiance, pour d\u00e9couvrir l&rsquo;eau vive offerte aux assoiff\u00e9s, pour accueillir le Pain que Dieu nous donne, s\u2019il te pla\u00eet Bernadette, pr\u00eate-moi tes sabots.<br \/>Pour monter vers le P\u00e8re qui m\u2019attend et qui m\u2019aime, pour marcher sur la route avec mes joies et mes peines, pour entrer dans la f\u00eate tout au bout du chemin, tout en te demandant de me donner la main, s\u2019il te pla\u00eet Bernadette, donne-moi tes sabots ! Ainsi soit-il. \u00bb<\/em><\/p>\n\n\n\n<p>Marie-Louise Pierson<\/p>\n","protected":false},"excerpt":{"rendered":"<p>Bernadette est une fillette pauvre, elle rencontre au bord du Gave une belle dame. Elle ignore que l\u2019Eglise vient de &hellip; <\/p>\n","protected":false},"author":1,"featured_media":1020,"parent":0,"menu_order":0,"comment_status":"closed","ping_status":"closed","template":"","meta":{"footnotes":""},"class_list":["post-1002","page","type-page","status-publish","has-post-thumbnail","hentry"],"jetpack_sharing_enabled":true,"_links":{"self":[{"href":"https:\/\/louis.armentierois.fr\/index.php\/wp-json\/wp\/v2\/pages\/1002","targetHints":{"allow":["GET"]}}],"collection":[{"href":"https:\/\/louis.armentierois.fr\/index.php\/wp-json\/wp\/v2\/pages"}],"about":[{"href":"https:\/\/louis.armentierois.fr\/index.php\/wp-json\/wp\/v2\/types\/page"}],"author":[{"embeddable":true,"href":"https:\/\/louis.armentierois.fr\/index.php\/wp-json\/wp\/v2\/users\/1"}],"replies":[{"embeddable":true,"href":"https:\/\/louis.armentierois.fr\/index.php\/wp-json\/wp\/v2\/comments?post=1002"}],"version-history":[{"count":4,"href":"https:\/\/louis.armentierois.fr\/index.php\/wp-json\/wp\/v2\/pages\/1002\/revisions"}],"predecessor-version":[{"id":1022,"href":"https:\/\/louis.armentierois.fr\/index.php\/wp-json\/wp\/v2\/pages\/1002\/revisions\/1022"}],"wp:featuredmedia":[{"embeddable":true,"href":"https:\/\/louis.armentierois.fr\/index.php\/wp-json\/wp\/v2\/media\/1020"}],"wp:attachment":[{"href":"https:\/\/louis.armentierois.fr\/index.php\/wp-json\/wp\/v2\/media?parent=1002"}],"curies":[{"name":"wp","href":"https:\/\/api.w.org\/{rel}","templated":true}]}}

<p><em>Bernadette est une fillette pauvre, elle rencontre au bord du Gave une belle dame. Elle ignore que l’Eglise vient de proclamer le dogme de l’Immaculée Conception, mais la dame se présente : ‘je suis l’Immaculée Conception »… A l’aube du XXe siècle, Bernadette reçoit de Marie le premier grand message de conversion donné du Ciel pour notre temps. Les débuts de sa vocation sont ceux d’une voie extraordinaire, mais sa vie, depuis la fin des apparitions et son entrée en religion, est celle d’une voie ordinaire. ‘L’important n’est pas de faire beaucoup, dit-elle, mais de bien faire’… Simple, peu mystique, espiègle, elle déroute la bonne société, mais sous son habit religieux il y a une plaie qui la martyrise quotidiennement.</em></p>



<figure class="wp-block-image size-large"><img loading="lazy" decoding="async" width="640" height="853" src="https://i0.wp.com/louis.armentierois.fr/wp-content/uploads/2023/08/img_2210.jpg?resize=640%2C853&#038;ssl=1" alt="" class="wp-image-1020" srcset="https://i0.wp.com/louis.armentierois.fr/wp-content/uploads/2023/08/img_2210-scaled.jpg?resize=768%2C1024&amp;ssl=1 768w, https://i0.wp.com/louis.armentierois.fr/wp-content/uploads/2023/08/img_2210-scaled.jpg?resize=225%2C300&amp;ssl=1 225w, https://i0.wp.com/louis.armentierois.fr/wp-content/uploads/2023/08/img_2210-scaled.jpg?resize=1152%2C1536&amp;ssl=1 1152w, https://i0.wp.com/louis.armentierois.fr/wp-content/uploads/2023/08/img_2210-scaled.jpg?resize=1536%2C2048&amp;ssl=1 1536w, https://i0.wp.com/louis.armentierois.fr/wp-content/uploads/2023/08/img_2210-scaled.jpg?w=1920&amp;ssl=1 1920w, https://i0.wp.com/louis.armentierois.fr/wp-content/uploads/2023/08/img_2210-scaled.jpg?w=1280&amp;ssl=1 1280w" sizes="auto, (max-width: 640px) 100vw, 640px" data-recalc-dims="1" /><figcaption class="wp-element-caption">Sainte Bernadette </figcaption></figure>



<p>Avant de devenir&nbsp;<strong>LA sainte Bernadette</strong>&nbsp;mondialement connue et priée notamment pour&nbsp;<strong>«<em>&nbsp;obtenir des grâces de salut en faveur des pauvres et des petits</em>&nbsp;»,&nbsp;</strong>Bernadette était une petite paysanne du sud-ouest de la France. Marie-Bernarde Soubirous naît le 7 janvier 1844 près de Lourdes. Elle est&nbsp;<strong>l’aînée d’une famille de neuf frères et sœurs</strong>&nbsp;dont quatre sont morts en bas âge. Son père, François, est meunier avant de perdre son travail, ruinée, la famille nombreuse s’installe au lieu-dit «&nbsp;<em>Le Cachot&nbsp;</em>», une pièce insalubre et exiguë. Souffrant d’asthme très jeune, la frêle Bernadette sera envoyée en tant que servante à Bartrès, près de Lourdes en 1857 avant de revenir un an plus tard à Lourdes pour recevoir sa première communion. Durant cette année 1858, la jeune fille âgée de 14 ans va avoir&nbsp;<strong>dix-huit</strong>&nbsp;<strong>apparitions de la Sainte Vierge</strong>. Le miracle se produit pour la première fois le 11 février à<strong>&nbsp;la grotte de Massabielle</strong>&nbsp;et se renouvelle jusqu’au 16 juillet 1858.&nbsp;</p>



<p>Deux ans après les apparitions, Bernadette entre en tant que pensionnaire à l&rsquo;hospice des<strong>&nbsp;Sœurs de la Charité&nbsp;</strong>de Lourdes. Sa vocation religieuse s’affermit et en 1864, elle commence son postulat à Lourdes puis quitte ses Pyrénées natales pour rejoindre le couvent Saint-Gildard de Nevers en 1866. En octobre 1867, elle formule ses vœux et devient&nbsp;<strong>sœur Marie-Bernard</strong>. Durant treize années, la vie de Bernadette Soubirous sera jalonnée de souffrances liées à son état de santé précaire et au traitement sévère de ses supérieures. Elle offre ses souffrances pour le monde en priant inlassablement la Vierge Marie et apporte soin et réconfort aux malades à l’infirmerie. Alitée de longs mois suite à une maladie pulmonaire grave, elle s’éteint le 16 avril 1879, à seulement 35 ans. Dans son dernier soupir, elle murmure : «&nbsp;<em>Sainte Marie, Mère de Dieu, priez pour moi, pauvre pécheresse</em>&nbsp;».</p>



<p>Le corps de Bernadette Soubirous est exhumée de son cercueil<strong>&nbsp;</strong>en 1909, 1919 et 1925 en vue de son procès de béatification.&nbsp;<strong>Demeuré inexplicablement intact, son corps est conservé à la chapelle Saint-Gildard, à Nevers</strong>. Sainte Bernadette est&nbsp;<strong>canonisée en 1933 par le pape Pie XI</strong>&nbsp;en raison de sa foi et de l&rsquo;exemplarité de sa vie religieuse et non des apparitions<strong>&nbsp;</strong>dont elle fut témoin.&nbsp;<strong>Sa fête est célébrée le 18 février.</strong>&nbsp;Elle est la<strong>&nbsp;sainte patronne des bergers, des personnes pauvres, des personnes malades et… des colocataires !</strong></p>



<h2 class="wp-block-heading" id="priere-a-sainte-bernadette-soubirous">Prière à sainte Bernadette Soubirous</h2>



<p><em>« Pour mettre dans tes pas mes pas trop hésitants, s’il te plaît, Bernadette, prête-moi tes sabots !<br />Ils sont pour moi symbole de bon sens, d’esprit d&rsquo;humilité et de simplicité. Et tu sais bien, hélas, que tout cela me manque.<br />S’il te plaît Bernadette, prête-moi tes sabots !&nbsp;</em></p>



<p><em>Tu allais ramasser le bois qui fait la flamme et réunit les hommes en les réconfortant, pour que je puisse aussi réchauffer ceux qui ont froid et éclairer ceux qui ont besoin d&rsquo;un sourire, s’il te plaît Bernadette, prête-moi tes sabots.<br />Peut-être tes sabots seront-ils trop petits pour moi. Ce sera très bien ainsi ! Cela me rappellera que je suis limité, que je ne connais pas tout, que je peux tomber et me relever&#8230;<br />S’il te plaît Bernadette, prête-moi tes sabots.&nbsp;</em></p>



<p><em>Pour aller vers Marie avec plus de confiance, pour découvrir l&rsquo;eau vive offerte aux assoiffés, pour accueillir le Pain que Dieu nous donne, s’il te plaît Bernadette, prête-moi tes sabots.<br />Pour monter vers le Père qui m’attend et qui m’aime, pour marcher sur la route avec mes joies et mes peines, pour entrer dans la fête tout au bout du chemin, tout en te demandant de me donner la main, s’il te plaît Bernadette, donne-moi tes sabots ! Ainsi soit-il. »</em></p>



<p>Marie-Louise Pierson</p>
